- 0*w. Let o be (-78)/(-15) - 3/w. Suppose -360 = -o*q - n + 5*n, -n = 0. Calculate the highest common divisor of 8 and q.
8
Let y be (24 + -21)*2665/15. What is the highest common divisor of y and 39?
13
Suppose -17 = -3*c + 5*k - 1, 4*c + 5*k = 33. Let x(m) = m**2 - 4*m + 30. Let t be x(c). Suppose 2*h - 18 = 16. Calculate the highest common factor of t and h.
17
Suppose -20*c = -11403 + 1723. Calculate the greatest common factor of c and 44.
44
Let o be (-4)/18 - (-830)/90. Let g = 18 - o. Let k = 10 + 62. What is the highest common factor of k and g?
9
Let j be (-1)/(4 + (-7134)/1782). Calculate the highest common factor of 22 and j.
11
Suppose -x = 2*t - 1441, -x - 2*x + 1439 = 2*t. Suppose g + 52 = -3*a + t, -3*a = 4*g - 660. Calculate the greatest common factor of 32 and a.
32
Suppose -5*l + 134 - 9 = 0. Let j be (-1)/(-3) + l/(-3). Let n(z) = z**2 + 6*z + 6. Let k be n(j). Calculate the greatest common divisor of k and 33.
11
Let s be (-2 + 3)/(2 - (-2284)/(-1144)). What is the highest common divisor of 26 and s?
26
Let g be ((-432)/126)/((-4)/14). Suppose 0 = 3*u - g - 87. Calculate the greatest common divisor of u and 11.
11
Let z(i) = -89*i**3 + 2*i + 1. Let j be (4/2 - 4)/2. Let h be z(j). Suppose 44 = 12*r - 8*r. What is the greatest common divisor of h and r?
11
Let m(p) = 7*p - 13. Let k be m(7). Suppose -3*l = l - 96. What is the greatest common divisor of k and l?
12
Let k = 1401 - 738. What is the greatest common factor of 102 and k?
51
Suppose 2*h = -10, -4*h + 605 = 3*v + h. Calculate the greatest common factor of v and 126.
42
Suppose 91*c + 30*c + 64*c - 2960 = 0. Let f(i) = i**2 - 4*i + 7. Let n be f(5). What is the greatest common divisor of c and n?
4
Suppose s - 459 + 121 = 0. What is the highest common factor of s and 26?
26
Suppose 3*z = 5*s + 247, -4*s + 6*z = 2*z + 204. Let w = -17 - s. Let g = w + -27. Calculate the highest common divisor of 3 and g.
3
Let c = 194 - 181. What is the greatest common factor of 221 and c?
13
Let p(s) = 3*s**3 + s - 2. Let q be p(2). Let r = 7 - 3. Suppose 1 - r = -j. What is the greatest common divisor of j and q?
3
Let a be -26*(2 - 7/2). Calculate the highest common factor of a and 897.
39
Suppose -4*a - a = -2*b + 176, -384 = -4*b + 2*a. Calculate the greatest common divisor of 147 and b.
49
Let p(h) = -2*h**2 - 11*h + 5. Let y be p(7). Let z be y/(-2 - (-3)/3). Let u = z + -60. What is the greatest common divisor of u and 10?
10
Suppose -4*z + 192 = 4*a, 2*z - 3*z + 56 = 3*a. Let r(u) = u**2 + 16*u + 50. Let j be r(-14). What is the greatest common factor of z and j?
22
Let d be (-16)/(44/11) - 455/(-1). What is the highest common factor of 44 and d?
11
Suppose 19 = -7*c + 5. Let b be c/3 + (-1624)/(-6). What is the highest common divisor of b and 30?
30
Let c = 592 - 394. Let a = 21 + 1. Let m = 40 - a. What is the highest common factor of m and c?
18
Suppose 2*d - 5*j - 6 = 0, 0 = 5*d - 4*d - 5*j + 2. Calculate the greatest common factor of 38 and d.
2
Let z(x) = 10*x + 30. Let o be z(4). What is the greatest common divisor of 98 and o?
14
Suppose 15*n + 15219 = 24*n. Calculate the highest common divisor of 19 and n.
19
Let o be 307/4 + (1111/44 - 25). Suppose n = -3*d + 25 - 2, -3*n + 2*d = -25. Calculate the greatest common factor of o and n.
11
Let h(d) = -d**2 - 10*d - 22. Let p be h(-6). Suppose -2*n + 3*z + 29 + 16 = 0, p*z - 2 = 0. Calculate the greatest common divisor of n and 40.
8
Suppose -m + 590 = -406. Calculate the greatest common divisor of 6 and m.
6
Let q be 194/11 - (-100)/275. Calculate the greatest common factor of q and 14.
2
Suppose 5*k + 2 = 4*i - 192, 0 = -2*i - 5*k + 82. What is the greatest common divisor of i and 6?
2
Let b(v) = v**3 - 25*v**2 - 54*v + 78. Let z be b(27). What is the greatest common divisor of z and 104?
26
Let x = -1654 - -1792. What is the highest common divisor of x and 69?
69
Let d(q) = -2*q**3 - 2*q**2 + 3*q - 12. Let k be d(-4). Let i(m) = m**2 + m + 9. Let t be i(0). What is the highest common divisor of t and k?
9
Suppose -13*p + 5*p + 88 = 0. Calculate the greatest common divisor of 99 and p.
11
Let k be (-3270)/25*1 + (-1)/5. Let p = k + 257. What is the highest common factor of 84 and p?
42
Let g(t) = -46*t + 142. Let q be g(2). Calculate the highest common divisor of q and 530.
10
Suppose -5*x = -3*x - 8. Suppose -70 = x*a - 1158. Let p = -102 + a. Calculate the highest common factor of 34 and p.
34
Suppose -129*s = -138*s + 63. Calculate the greatest common factor of s and 203.
7
Let z(g) = -23*g + 20. Let i be z(-5). Suppose -4*k = -3*f + 9 + 88, 0 = 4*f - 5*k - 128. What is the highest common divisor of f and i?
27
Let t = -14 + 13. Let u(m) = 10*m**2 + m. Let v be u(t). Suppose i = -2*d + 132 + 33, -2*i - 156 = -2*d. Calculate the highest common factor of v and d.
9
Let f = 218 - 196. What is the highest common divisor of f and 220?
22
Let y(o) = 375*o**3 - 3*o + 3. Let t be y(1). What is the highest common divisor of t and 15?
15
Suppose 2*z - 74 + 76 = 0. Let h be ((-68)/(-85))/(z/10*-2). Calculate the greatest common divisor of h and 16.
4
Let t(z) = 15*z**3 - z - 1. Let y be t(1). Calculate the greatest common divisor of y and 91.
13
Let l(r) = r**3 + 7*r**2 - 6*r - 28. Let h be l(-6). Calculate the highest common divisor of 154 and h.
22
Suppose 8*g = 459 + 21. Suppose 2*p + 5*i - 14 = 6*i, 4*i = 4*p - 36. Calculate the highest common factor of g and p.
5
Let d(b) = -8*b + 65. Let h be d(7). Calculate the greatest common factor of h and 81.
9
Suppose 3*g + g = -68. Let h(l) = l**3 + 16*l**2 - 17*l + 16. Let k be h(g). Let j be 18*1 - (3 - 1). Calculate the highest common factor of j and k.
16
Suppose -69 = -3*q - 18. Let r = 10 + q. Suppose -4*z - 90 = -5*m, 0 = -8*z + 3*z. Calculate the highest common factor of r and m.
9
Suppose 3*v + 73 = 4*b, -2*b - 6 + 50 = -4*v. Let g(t) = t**3 - t**2 + 5*t + 176. Let h be g(0). Calculate the greatest common divisor of b and h.
16
Let d be (5 + -7 + -8)/(3/(-12)). Calculate the highest common factor of d and 1580.
20
Suppose 0 = -6*y - 4 - 2. Let t be -4 - (y + -14 - 3). Calculate the highest common factor of t and 28.
14
Let u be (-1)/2 - 50/(-4). Let w(c) = -c + 22. Let d be w(u). Suppose -d*s = -9*s - 39. What is the highest common factor of 26 and s?
13
Let h = 17 - 11. Let v(z) = -z**3 + 6*z**2 + z - 2. Let q be v(h). Let j(y) = -y + 13. Let r be j(-7). What is the highest common divisor of r and q?
4
Suppose -2 + 402 = 4*u. Let i be -2 + (-54)/(-42) + 4/(-14). Let b be i + (-3)/((-81)/26 + 3). What is the greatest common factor of u and b?
25
Let l(v) = -5*v**3 + 3*v**2 + 2*v + 1. Let a = -5 - -4. Let m be l(a). Calculate the highest common factor of 7 and m.
7
Let l be ((-10)/15)/(2/12). Let z be (-354)/l*(-12)/(-9). Suppose 0 = -4*f + 4*g + z + 70, 4*f = g + 203. Calculate the highest common divisor of 78 and f.
26
Suppose 32 = -5*m - 13. Suppose -2*d - 9 = -3*d. Let a be 16/d + (-2)/m. What is the greatest common factor of a and 10?
2
Let k be 7 + (3 + -10 - -5). What is the highest common factor of 110 and k?
5
Let i be (120/3)/(((-5)/20)/(-1)). What is the highest common factor of i and 5?
5
Suppose -s + r - 3*r + 97 = 0, r = -3*s + 276. What is the greatest common divisor of s and 156?
13
Let h(j) = j**2 + j + 4. Let z be h(-3). Let y be 12/15*z/(-4). Let a be 8/((-4 - y)/(-8)). Calculate the highest common divisor of 8 and a.
8
Suppose -5*n - 15 = 0, 6*d - 4*n - 324 = 2*d. Let w = 91 - d. What is the greatest common divisor of 52 and w?
13
Let f be -2 + 1 + 65 - 14/7. Suppose -15 = -3*w, -5*w + 627 = t - 80. Calculate the greatest common divisor of f and t.
62
Let v(o) = 8*o**3 - o + 1. Let t be v(2). Let n be (-4)/(-5)*5/2. Suppose -n*d + t = d. Calculate the greatest common divisor of d and 14.
7
Let h = 422 + -374. What is the highest common factor of 216 and h?
24
Let q be (-4 + 0)/(2/(-7)). Let k be 3/(-2)*8/(-6). Let b be -8*k/4 - -39. Calculate the highest common divisor of b and q.
7
Let k(s) be the third derivative of -s**4/12 + 25*s**3/6 - 8*s**2. Let u be k(-12). What is the highest common divisor of u and 7?
7
Suppose -3*w = -1 - 14. Suppose -114 = -5*r - d, -w*r - 4*d + 4 = -107. What is the highest common factor of 69 and r?
23
Suppose 3*j + 